in base 7?
-120250
-3241 (base 15) to base 11
-7a9a
What is -5c79 (base 14) in base 7?
-65112
What is -72d2 (base 14) in base 8?
-46510
13008 (base 9) to base 11
6640
What is 10a48 (base 11) in base 12?
9253
What is -391 (base 15) in base 12?
-577
-4507 (base 15) to base 14
-5492
Convert -e09 (base 15) to base 16.
-c57
Convert 20162 (base 10) to base 11.
1416a
Convert 1036 (base 8) to base 12.
392
Convert -3004 (base 5) to base 7.
-1051
-4846 (base 13) to base 8
-23726
-f52 (base 16) to base 2
-111101010010
Convert -fed (base 16) to base 14.
-16b3
Convert 230 (base 14) to base 7.
1160
What is 4a (base 15) in base 10?
70
What is -298 (base 16) in base 13?
-3c1
Convert -231 (base 5) to base 8.
-102
What is 1566 (base 7) in base 5?
10021
Convert 3b21 (base 15) to base 12.
7387
Convert -55db (base 15) to base 7.
-104036
Convert -17226 (base 8) to base 13.
-3744
What is -8664 (base 9) in base 10?
-6376
-6720 (base 9) to base 15
-1709
110100001110 (base 2) to base 9
4523
What is -60b (base 12) in base 16?
-36b
2590 (base 11) to base 14
1326
25241 (base 9) to base 5
1020331
What is -a54 (base 12) in base 16?
-5e0
What is 210 (base 13) in base 5?
2401
What is -1221221022 (base 3) in base 13?
-14747
Convert 18a4 (base 11) to base 13.
1138
20222000 (base 3) to base 13
2406
Convert -22 (base 5) to base 10.
-12
Convert c26 (base 13) to base 14.
a72
Convert 113301 (base 5) to base 14.
1761
What is 2211101 (base 3) in base 6?
13314
What is 20121 (base 3) in base 11?
152
What is 12776 (base 9) in base 2?
10000111001111
What is -53663 (base 8) in base 4?
-11132303
What is -3231 (base 5) in base 8?
-671
Convert -22222 (base 3) to base 7.
-464
What is -d90 (base 14) in base 16?
-a72
-11021120 (base 3) to base 13
-1560
What is 100101011110100 (base 2) in base 5?
1103223
What is -1435 (base 8) in base 7?
-2216
-68 (base 10) to base 4
-1010
272 (base 15) to base 14
2bb
-547 (base 8) to base 9
-438
Convert 1361 (base 7) to base 3.
201202
-2407 (base 12) to base 15
-12e4
Convert 1110011100 (base 2) to base 6.
4140
What is -25403 (base 7) in base 9?
-10182
-144124 (base 5) to base 12
-3698
Convert -42413 (base 7) to base 9.
-15352
What is 1011100000010111 (base 2) in base 10?
47127
What is -111010001 (base 2) in base 8?
-721
Convert 630 (base 10) to base 13.
396
100001100011 (base 2) to base 13
c92
-6b00 (base 15) to base 2
-101100011000101
What is -c3 (base 13) in base 4?
-2133
Convert 1100010002 (base 3) to base 2.
110011011010111
Convert -10642 (base 7) to base 9.
-3657
-24715 (base 9) to base 8
-40353
What is -42354 (base 10) in base 16?
-a572
Convert -22130333 (base 4) to base 8.
-123477
Convert 1101110011001 (base 2) to base 4.
1232121
-2451 (base 7) to base 11
-765
Convert 611 (base 11) to base 3.
1000100
-2177 (base 8) to base 9
-1518
3522 (base 7) to base 5
20130
125 (base 8) to base 6
221
What is 200111 (base 3) in base 15?
234
Convert -20268 (base 10) to base 7.
-113043
Convert 1015343 (base 6) to base 13.
194c1
-2321 (base 5) to base 12
-240
-2163 (base 9) to base 13
-95a
What is -121100 (base 3) in base 2?
-110111001
-1529 (base 10) to base 16
-5f9
What is 110101110011111 (base 2) in base 11?
19777
1222030 (base 4) to base 5
204141
-142a (base 16) to base 5
-131122
Convert 701 (base 9) to base 2.
1000111000
What is -263 (base 13) in base 14?
-21d
What is 221524 (base 6) in base 2?
100100001111100
Convert -143545 (base 7) to base 9.
-42017
What is 169c2 (base 15) in base 13?
27359
5dc0 (base 14) to base 11
11392
What is 77bb (base 16) in base 7?
155235
-83 (base 16) to base 7
-245
Convert -a32 (base 12) to base 7.
-4211
Convert 33165 (base 9) to base 2.
101010111111010
Convert 127 (base 16) to base 2.
100100111
What is -21231231 (base 4) in base 9?
-60520
What is 1000001011010 (base 2) in base 13?
1ba0
What is -1631 (base 16) in base 7?
-22364
Convert -12251 (base 6) to base 13.
-aab
What is 1505 (base 6) in base 15?
1bb
What is -1134 (base 13) in base 10?
-2409
224 (base 12) to base 11
268
Convert 44024 (base 8) to base 6.
221232
What is 40433 (base 6) in base 14?
1d41
4000103 (base 5) to base 12
30228
Convert 40304 (base 5) to base 8.
5023
-6985 (base 10) to base 5
-210420
-2061 (base 10) to base 2
-100000001101
Convert 110022 (base 3) to base 5.
2312
1068 (base 16) to base 6
31240
-1020 (base 4) to base 7
-132
What is 3539 (base 13) in base 6?
54352
Convert -1110110010011 (base 2) to base 6.
-55015
Convert 2017 (base 14) to base 8.
12605
Convert 6036 (base 9) to base 11.
3347
Convert -6060 (base 8) to base 10.
-3120
1560 (base 7) to base 9
770
What is 111212 (base 6) in base 11?
7047
5e7d (base 15) to base 3
1000122001
Convert -aa0 (base 13) to base 12.
-1078
Convert bb (base 14) to base 9.
203
Convert -34022 (base 6) to base 15.
-162b
What is -1303003 (base 4) in base 7?
-30316
Convert 4fb (base 16) to base 11.
a5a
-a25 (base 11) to base 14
-645
Convert -4351 (base 11) to base 3.
-21212201
What is -3200320 (base 4) in base 13?
-6721
What is 56136 (base 7) in base 8?
33473
-15064 (base 7) to base 6
-31134
Convert -47648 (base 9) to base 5.
-2010002
Convert -4 (base 7) to base 11.
-4
What is 333342 (base 6) in base 14?
a2bc
Convert -446 (base 13) to base 10.
-734
-10001001101 (base 2) to base 9
-1453
What is 662 (base 9) in base 5?
4132
What is 253 (base 12) in base 15?
186
201 (base 3) to base 6
31
83c (base 15) to base 10
1857
What is 8842 (base 9) in base 4?
1211312
8b (base 14) to base 12
a3
Convert -130401 (base 5) to base 8.
-11755
What is 8d79 (base 14) in base 12?
122a7
1323 (base 10) to base 6
10043
Convert 1000021220 (base 3) to base 5.
1114041
Convert -21012110 (base 3) to base 14.
-1cb0
What is -281 (base 9) in base 5?
-1420
What is -102201101 (base 3) in base 8?
-20536
Convert -265624 (base 7) to base 15.
-ec67
Convert -100011010000010 (base 2) to base 8.
-43202
Convert -331 (base 6) to base 7.
-241
1207 (base 9) to base 8
1602
What is -1001010 (base 2) in base 11?
-68
What is 20a23 (base 12) in base 14?
11911
201013 (base 4) to base 13
c70
-2432101 (base 5) to base 4
-23031031
Convert 153 (base 15) to base 13.
1a4
What is -8bc (base 13) in base 15?
-6a7
-470 (base 10) to base 12
-332
3455 (base 13) to base 14
2961
What is -38572 (base 9) in base 4?
-12112001
Convert -43121 (base 5) to base 13.
-142c
-1110110 (base 2) to base 10
-118
What is -211 (base 8) in base 4?
-2021
What is 27b (base 15) in base 13?
347
Convert 4cc7 (base 13) to base 5.
322404
2120 (base 3) to base 14
4d
Convert 862 (base 12) to base 15.
56b
What is 232102 (base 4) in base 11?
2253
-a61 (base 12) to base 8
-2751
Convert 76067 (base 8) to base 16.
7c37
2220010 (base 3) to base 14
aa9
What is 341040 (base 6) in base 14?
a69a
Convert 3631 (base 12) to base 7.
23512
45054 (base 9) to base 3
1112001211
-12a9 (base 12) to base 16
-861
-213121 (base 6) to base 12
-a1a1
What is -3ab (base 15) in base 8?
-1504
Convert -18bd (base 16) to base 10.
-6333
What is 3344 (base 9) in base 15?
aea
Convert 20012112 (base 3) to base 4.
1012223
What is 1020212 (base 3) in base 7?
2444
Convert c5c (base 15) to base 7.
11061
3ad3 (base 16) to base 8
35323
What is -12002200 (base 3) in base 4?
-322011
What is -110011011110100 (base 2) in base 6?
-322004
Convert 2210123 (base 4) to base 11.
79a7
Convert 8122 (base 16) to base 14.
c094
Convert 5011 (base 12) to base 7.
34141
What is -25a8 (base 11) in base 4?
-310321
What is 1b9 (base 14) in base 3?
111022
Convert 74556 (base 8) to base 4.
13211232
What is -1020222 (base 3) in base 13?
-557
5980 (base 11) to base 2
1111010011000
Convert -2315 (base 11) to base 15.
-d7b
-241313 (base 7) to base 10
-43718
What is -26b3 (base 13) in base 12?
-326a
What is 570 (base 15) in base 7?
3405
-2323100 (base 4) to base 3
-121102212
-270 (base 12) to base 9
-453
What is 200120210 (base 3) in base 10?
13548
-3147 (base 9) to base 13
-108a
What is -1122c (base 13) in base 6?
-400050
What is 2232 (base 4) in base 7?
336
-204b (base 12) to base 9
-4735
202021 (base 3) to base 16
223
What is -30220 (base 5) in base 6?
-12543
Convert 23189 (base 10) to base 15.
6d0e
-2102220 (base 3) to base 6
-12123
What is -1111111101010011 (base 2) in base 14?
-19b6b
Convert 27526 (base 8) to base 12.
701a
-42555 (base 7) to base 5
-314300
What is -5880 (base 9) in base 